{"id":298,"date":"2024-09-04T21:31:06","date_gmt":"2024-09-04T19:31:06","guid":{"rendered":"https:\/\/maudemplois.fr\/?page_id=298"},"modified":"2024-09-18T23:12:15","modified_gmt":"2024-09-18T21:12:15","slug":"mentions-legales-reconversion-professionnelle","status":"publish","type":"page","link":"https:\/\/maudemplois.fr\/index.php\/mentions-legales-reconversion-professionnelle\/","title":{"rendered":"Mentions l\u00e9gales"},"content":{"rendered":"\n<h3 class=\"wp-block-heading\">1. Pr\u00e9sentation du site<\/h3>\n\n\n\n<p>Pour commencer, le site <a href=\"http:\/\/maudemplois.fr\">maudemplois.fr<\/a> est \u00e9dit\u00e9 par<a href=\"https:\/\/www.linkedin.com\/in\/maud-radojkovic-7ab389250?originalSubdomain=fr\"> Maud Radojkovic<\/a> consultante en bilan de comp\u00e9tences, enregistr\u00e9e en tant qu&rsquo; entrepreneur individuel. Ainsi, ce site a pour vocation de vous aider \u00e0 identifier vos comp\u00e9tences, vos forces, vos int\u00e9r\u00eats et vos propres objectifs afin de vous guider vers l\u2019\u00e9panouissement professionnel. C&rsquo;est dans ce but que Maud Radojkovic met son expertise au service des utilisateurs pour leur offrir des ressources et des informations de qualit\u00e9.<\/p>\n\n\n\n<p><strong>Propri\u00e9taire du site : <\/strong>Maud Radojkovic, Entrepreneur Individuel<br><strong>Si\u00e8ge social : <\/strong>25120 Les Breseux, France<br><strong>Email de contact : <\/strong>maudemplois@gmail.com<br><strong>Num\u00e9ro SIRET : <\/strong>853 200 343 00020<br><strong>Code APE : <\/strong>85.42Z &#8211; Enseignement sup\u00e9rieur<\/p>\n\n\n\n<h3 class=\"wp-block-heading\">2. H\u00e9bergement du site<\/h3>\n\n\n\n<p>A ce jour, ce site internet est h\u00e9berg\u00e9 chez OVH dont le si\u00e8ge social est domicili\u00e9, 2 rue Kellermann, 59100 Roubaix. Notons que OVH est un h\u00e9bergeur qui vous garantit que vos donn\u00e9es sont stock\u00e9es en toute s\u00e9curit\u00e9 et conformes au RGPD. <br>&#8211; Pour plus d\u2019informations sur la politique de confidentialit\u00e9 de notre h\u00e9bergeur, veuillez consulter ce lien : <a href=\"https:\/\/www.ovhcloud.com\/fr\/personal-data-protection\/\">Politique de Confidentialit\u00e9 de OVH<\/a>.\u00a0<br>&#8211; Pour plus d\u2019informations sur nos conditions g\u00e9n\u00e9rales d\u2019utilisation et notre politique de confidentialit\u00e9, veuillez consulter ce lien : <a href=\"https:\/\/maudemplois.fr\/index.php\/politique-de-confidentialite\/\">Politique de confidentialit\u00e9 de Maud\u2019Emplois<\/a><\/p>\n\n\n\n<h3 class=\"wp-block-heading\">3. CGU (Conditions G\u00e9n\u00e9rales d\u2019Utilisation)<\/h3>\n\n\n\n<ul class=\"wp-block-list\">\n<li>Propri\u00e9t\u00e9 intellectuelle*<\/li>\n<\/ul>\n\n\n\n<p>Notons que l&rsquo;ensemble du contenu pr\u00e9sent sur ce site, est la propri\u00e9t\u00e9 exclusive de Maud\u2019Emplois. Incluant, de fa\u00e7on non limitative, les textes, graphismes, images, logos, et ic\u00f4nes, ainsi que leur mise en forme. A l&rsquo;exception des marques, logos ou contenus appartenant \u00e0 d&rsquo;autres soci\u00e9t\u00e9s partenaires ou auteurs.<\/p>\n\n\n\n<p>De surcro\u00eet, toute reproduction, distribution, modification, adaptation, retransmission ou publication, m\u00eame partielle, de ces diff\u00e9rents \u00e9l\u00e9ments est strictement interdite. Except\u00e9 si un accord \u00e9crit de la repr\u00e9sentante l\u00e9gale de est r\u00e9dig\u00e9.<\/p>\n\n\n\n<ul class=\"wp-block-list\">\n<li>\u00c9ventuels liens externes*<\/li>\n<\/ul>\n\n\n\n<p>A l&rsquo;inverse du paragraphe pr\u00e9c\u00e9dent, le site <a href=\"http:\/\/emplois.fr\">Maud\u2019Emplois.fr<\/a> contient un certain nombre de liens externes hypertextes vers d\u2019autres sites. De ce fait, notre enseigne n\u2019assumera aucune responsabilit\u00e9 li\u00e9e \u00e0 la navigation sur ces sites externes.<\/p>\n","protected":false},"excerpt":{"rendered":"<p>1. Pr\u00e9sentation du site Pour commencer, le site maudemplois.fr est \u00e9dit\u00e9 par Maud Radojkovic consultante en bilan de comp\u00e9tences, enregistr\u00e9e [&hellip;]<\/p>\n","protected":false},"author":1,"featured_media":111,"parent":0,"menu_order":0,"comment_status":"closed","ping_status":"closed","template":"","meta":{"footnotes":""},"class_list":["post-298","page","type-page","status-publish","has-post-thumbnail","hentry"],"yoast_head":"<!-- This site is optimized with the Yoast SEO plugin v25.5 - https:\/\/yoast.com\/wordpress\/plugins\/seo\/ -->\n<title>Mentions l\u00e9gales - Maud Emplois<\/title>\n<meta name=\"description\" content=\"Lisez les mentions l\u00e9gales de notre site sp\u00e9cialis\u00e9 en bilan de comp\u00e9tences et reconversion pro. Vos droits sont essentiels pour nous.\" \/>\n<meta name=\"robots\" content=\"index, follow, max-snippet:-1, max-image-preview:large, max-video-preview:-1\" \/>\n<link rel=\"canonical\" href=\"http:\/\/maudemplois.fr\/index.php\/mentions-legales-reconversion-professionnelle\/\" \/>\n<meta property=\"og:locale\" content=\"fr_FR\" \/>\n<meta property=\"og:type\" content=\"article\" \/>\n<meta property=\"og:title\" content=\"Mentions l\u00e9gales - Maud Emplois\" \/>\n<meta property=\"og:description\" content=\"Lisez les mentions l\u00e9gales de notre site sp\u00e9cialis\u00e9 en bilan de comp\u00e9tences et reconversion pro. Vos droits sont essentiels pour nous.\" \/>\n<meta property=\"og:url\" content=\"http:\/\/maudemplois.fr\/index.php\/mentions-legales-reconversion-professionnelle\/\" \/>\n<meta property=\"og:site_name\" content=\"Maud Emplois\" \/>\n<meta property=\"article:modified_time\" content=\"2024-09-18T21:12:15+00:00\" \/>\n<meta property=\"og:image\" content=\"http:\/\/maudemplois.fr\/wp-content\/uploads\/2022\/11\/cropped-LOGO-e1668897905708.jpg\" \/>\n\t<meta property=\"og:image:width\" content=\"277\" \/>\n\t<meta property=\"og:image:height\" content=\"166\" \/>\n\t<meta property=\"og:image:type\" content=\"image\/jpeg\" \/>\n<meta name=\"twitter:card\" content=\"summary_large_image\" \/>\n<meta name=\"twitter:label1\" content=\"Dur\u00e9e de lecture estim\u00e9e\" \/>\n\t<meta name=\"twitter:data1\" content=\"2 minutes\" \/>\n<script type=\"application\/ld+json\" class=\"yoast-schema-graph\">{\"@context\":\"https:\/\/schema.org\",\"@graph\":[{\"@type\":\"WebPage\",\"@id\":\"http:\/\/maudemplois.fr\/index.php\/mentions-legales-reconversion-professionnelle\/\",\"url\":\"http:\/\/maudemplois.fr\/index.php\/mentions-legales-reconversion-professionnelle\/\",\"name\":\"Mentions l\u00e9gales - Maud Emplois\",\"isPartOf\":{\"@id\":\"http:\/\/maudemplois.fr\/#website\"},\"primaryImageOfPage\":{\"@id\":\"http:\/\/maudemplois.fr\/index.php\/mentions-legales-reconversion-professionnelle\/#primaryimage\"},\"image\":{\"@id\":\"http:\/\/maudemplois.fr\/index.php\/mentions-legales-reconversion-professionnelle\/#primaryimage\"},\"thumbnailUrl\":\"https:\/\/maudemplois.fr\/wp-content\/uploads\/2022\/11\/cropped-LOGO-e1668897905708.jpg\",\"datePublished\":\"2024-09-04T19:31:06+00:00\",\"dateModified\":\"2024-09-18T21:12:15+00:00\",\"description\":\"Lisez les mentions l\u00e9gales de notre site sp\u00e9cialis\u00e9 en bilan de comp\u00e9tences et reconversion pro. Vos droits sont essentiels pour nous.\",\"breadcrumb\":{\"@id\":\"http:\/\/maudemplois.fr\/index.php\/mentions-legales-reconversion-professionnelle\/#breadcrumb\"},\"inLanguage\":\"fr-FR\",\"potentialAction\":[{\"@type\":\"ReadAction\",\"target\":[\"http:\/\/maudemplois.fr\/index.php\/mentions-legales-reconversion-professionnelle\/\"]}]},{\"@type\":\"ImageObject\",\"inLanguage\":\"fr-FR\",\"@id\":\"http:\/\/maudemplois.fr\/index.php\/mentions-legales-reconversion-professionnelle\/#primaryimage\",\"url\":\"https:\/\/maudemplois.fr\/wp-content\/uploads\/2022\/11\/cropped-LOGO-e1668897905708.jpg\",\"contentUrl\":\"https:\/\/maudemplois.fr\/wp-content\/uploads\/2022\/11\/cropped-LOGO-e1668897905708.jpg\",\"width\":277,\"height\":166,\"caption\":\"Logo de Maud Emplois\"},{\"@type\":\"BreadcrumbList\",\"@id\":\"http:\/\/maudemplois.fr\/index.php\/mentions-legales-reconversion-professionnelle\/#breadcrumb\",\"itemListElement\":[{\"@type\":\"ListItem\",\"position\":1,\"name\":\"Accueil\",\"item\":\"http:\/\/maudemplois.fr\/\"},{\"@type\":\"ListItem\",\"position\":2,\"name\":\"Mentions L\u00e9gales\"}]},{\"@type\":\"WebSite\",\"@id\":\"http:\/\/maudemplois.fr\/#website\",\"url\":\"http:\/\/maudemplois.fr\/\",\"name\":\"Maud Emplois\",\"description\":\"Bilan de comp\u00e9tences\",\"publisher\":{\"@id\":\"http:\/\/maudemplois.fr\/#\/schema\/person\/3a4bbbc3673d5dc2cbfa4459b85e8e17\"},\"potentialAction\":[{\"@type\":\"SearchAction\",\"target\":{\"@type\":\"EntryPoint\",\"urlTemplate\":\"http:\/\/maudemplois.fr\/?s={search_term_string}\"},\"query-input\":{\"@type\":\"PropertyValueSpecification\",\"valueRequired\":true,\"valueName\":\"search_term_string\"}}],\"inLanguage\":\"fr-FR\"},{\"@type\":[\"Person\",\"Organization\"],\"@id\":\"http:\/\/maudemplois.fr\/#\/schema\/person\/3a4bbbc3673d5dc2cbfa4459b85e8e17\",\"name\":\"admin5956\",\"image\":{\"@type\":\"ImageObject\",\"inLanguage\":\"fr-FR\",\"@id\":\"http:\/\/maudemplois.fr\/#\/schema\/person\/image\/\",\"url\":\"https:\/\/maudemplois.fr\/wp-content\/uploads\/2025\/07\/cropped-cropped-logo-1024x643.bmp\",\"contentUrl\":\"https:\/\/maudemplois.fr\/wp-content\/uploads\/2025\/07\/cropped-cropped-logo-1024x643.bmp\",\"width\":1024,\"height\":643,\"caption\":\"admin5956\"},\"logo\":{\"@id\":\"http:\/\/maudemplois.fr\/#\/schema\/person\/image\/\"},\"sameAs\":[\"http:\/\/maudemplois.fr\",\"https:\/\/fr.linkedin.com\/in\/maud-radojkovic-7ab389250\"]}]}<\/script>\n<!-- \/ Yoast SEO plugin. -->","yoast_head_json":{"title":"Mentions l\u00e9gales - Maud Emplois","description":"Lisez les mentions l\u00e9gales de notre site sp\u00e9cialis\u00e9 en bilan de comp\u00e9tences et reconversion pro. Vos droits sont essentiels pour nous.","robots":{"index":"index","follow":"follow","max-snippet":"max-snippet:-1","max-image-preview":"max-image-preview:large","max-video-preview":"max-video-preview:-1"},"canonical":"http:\/\/maudemplois.fr\/index.php\/mentions-legales-reconversion-professionnelle\/","og_locale":"fr_FR","og_type":"article","og_title":"Mentions l\u00e9gales - Maud Emplois","og_description":"Lisez les mentions l\u00e9gales de notre site sp\u00e9cialis\u00e9 en bilan de comp\u00e9tences et reconversion pro. Vos droits sont essentiels pour nous.","og_url":"http:\/\/maudemplois.fr\/index.php\/mentions-legales-reconversion-professionnelle\/","og_site_name":"Maud Emplois","article_modified_time":"2024-09-18T21:12:15+00:00","og_image":[{"width":277,"height":166,"url":"http:\/\/maudemplois.fr\/wp-content\/uploads\/2022\/11\/cropped-LOGO-e1668897905708.jpg","type":"image\/jpeg"}],"twitter_card":"summary_large_image","twitter_misc":{"Dur\u00e9e de lecture estim\u00e9e":"2 minutes"},"schema":{"@context":"https:\/\/schema.org","@graph":[{"@type":"WebPage","@id":"http:\/\/maudemplois.fr\/index.php\/mentions-legales-reconversion-professionnelle\/","url":"http:\/\/maudemplois.fr\/index.php\/mentions-legales-reconversion-professionnelle\/","name":"Mentions l\u00e9gales - Maud Emplois","isPartOf":{"@id":"http:\/\/maudemplois.fr\/#website"},"primaryImageOfPage":{"@id":"http:\/\/maudemplois.fr\/index.php\/mentions-legales-reconversion-professionnelle\/#primaryimage"},"image":{"@id":"http:\/\/maudemplois.fr\/index.php\/mentions-legales-reconversion-professionnelle\/#primaryimage"},"thumbnailUrl":"https:\/\/maudemplois.fr\/wp-content\/uploads\/2022\/11\/cropped-LOGO-e1668897905708.jpg","datePublished":"2024-09-04T19:31:06+00:00","dateModified":"2024-09-18T21:12:15+00:00","description":"Lisez les mentions l\u00e9gales de notre site sp\u00e9cialis\u00e9 en bilan de comp\u00e9tences et reconversion pro. Vos droits sont essentiels pour nous.","breadcrumb":{"@id":"http:\/\/maudemplois.fr\/index.php\/mentions-legales-reconversion-professionnelle\/#breadcrumb"},"inLanguage":"fr-FR","potentialAction":[{"@type":"ReadAction","target":["http:\/\/maudemplois.fr\/index.php\/mentions-legales-reconversion-professionnelle\/"]}]},{"@type":"ImageObject","inLanguage":"fr-FR","@id":"http:\/\/maudemplois.fr\/index.php\/mentions-legales-reconversion-professionnelle\/#primaryimage","url":"https:\/\/maudemplois.fr\/wp-content\/uploads\/2022\/11\/cropped-LOGO-e1668897905708.jpg","contentUrl":"https:\/\/maudemplois.fr\/wp-content\/uploads\/2022\/11\/cropped-LOGO-e1668897905708.jpg","width":277,"height":166,"caption":"Logo de Maud Emplois"},{"@type":"BreadcrumbList","@id":"http:\/\/maudemplois.fr\/index.php\/mentions-legales-reconversion-professionnelle\/#breadcrumb","itemListElement":[{"@type":"ListItem","position":1,"name":"Accueil","item":"http:\/\/maudemplois.fr\/"},{"@type":"ListItem","position":2,"name":"Mentions L\u00e9gales"}]},{"@type":"WebSite","@id":"http:\/\/maudemplois.fr\/#website","url":"http:\/\/maudemplois.fr\/","name":"Maud Emplois","description":"Bilan de comp\u00e9tences","publisher":{"@id":"http:\/\/maudemplois.fr\/#\/schema\/person\/3a4bbbc3673d5dc2cbfa4459b85e8e17"},"potentialAction":[{"@type":"SearchAction","target":{"@type":"EntryPoint","urlTemplate":"http:\/\/maudemplois.fr\/?s={search_term_string}"},"query-input":{"@type":"PropertyValueSpecification","valueRequired":true,"valueName":"search_term_string"}}],"inLanguage":"fr-FR"},{"@type":["Person","Organization"],"@id":"http:\/\/maudemplois.fr\/#\/schema\/person\/3a4bbbc3673d5dc2cbfa4459b85e8e17","name":"admin5956","image":{"@type":"ImageObject","inLanguage":"fr-FR","@id":"http:\/\/maudemplois.fr\/#\/schema\/person\/image\/","url":"https:\/\/maudemplois.fr\/wp-content\/uploads\/2025\/07\/cropped-cropped-logo-1024x643.bmp","contentUrl":"https:\/\/maudemplois.fr\/wp-content\/uploads\/2025\/07\/cropped-cropped-logo-1024x643.bmp","width":1024,"height":643,"caption":"admin5956"},"logo":{"@id":"http:\/\/maudemplois.fr\/#\/schema\/person\/image\/"},"sameAs":["http:\/\/maudemplois.fr","https:\/\/fr.linkedin.com\/in\/maud-radojkovic-7ab389250"]}]}},"_links":{"self":[{"href":"https:\/\/maudemplois.fr\/index.php\/wp-json\/wp\/v2\/pages\/298","targetHints":{"allow":["GET"]}}],"collection":[{"href":"https:\/\/maudemplois.fr\/index.php\/wp-json\/wp\/v2\/pages"}],"about":[{"href":"https:\/\/maudemplois.fr\/index.php\/wp-json\/wp\/v2\/types\/page"}],"author":[{"embeddable":true,"href":"https:\/\/maudemplois.fr\/index.php\/wp-json\/wp\/v2\/users\/1"}],"replies":[{"embeddable":true,"href":"https:\/\/maudemplois.fr\/index.php\/wp-json\/wp\/v2\/comments?post=298"}],"version-history":[{"count":8,"href":"https:\/\/maudemplois.fr\/index.php\/wp-json\/wp\/v2\/pages\/298\/revisions"}],"predecessor-version":[{"id":514,"href":"https:\/\/maudemplois.fr\/index.php\/wp-json\/wp\/v2\/pages\/298\/revisions\/514"}],"wp:featuredmedia":[{"embeddable":true,"href":"https:\/\/maudemplois.fr\/index.php\/wp-json\/wp\/v2\/media\/111"}],"wp:attachment":[{"href":"https:\/\/maudemplois.fr\/index.php\/wp-json\/wp\/v2\/media?parent=298"}],"curies":[{"name":"wp","href":"https:\/\/api.w.org\/{rel}","templated":true}]}}